 -15.
22
What is the value of (17 - 26) + (10 - 2) + (15 - (32 + -15))?
-3
What is the value of -1 + (-17 + 43 - 48 - (-9 + 3 + 0))?
-17
Evaluate 26 + (-69 + -1 - -112).
68
(10 - 1) + 0 - (-12 - -14) - (-15 + 37)
-15
What is (2 - 14) + 52 + -27?
13
Calculate -97 + 91 + 0 + 62 - 13.
43
Calculate (0 - (0 - 1) - (16 - 8)) + -1400 + 1353.
-54
What is the value of 25 + -3 + -19 - (3 + 39) - -6?
-33
(-8 - (-14 - -5)) + -35 - -81
47
Evaluate -76 + -1 - (798 - 827).
-48
Calculate (23 + -10 + 5 - 95) + -23.
-100
Evaluate -7 - ((11 - (-4 - -7)) + 14 - -10).
-39
What is the value of -1 + 0 - (52 - (51 + 55 + -97))?
-44
What is the value of 2 + -1 + 6 + 101 + -154 + 4?
-42
What is (3 - 13) + 71 + (-3 - (2 - 2 - 5))?
63
669 - 738 - (-15 + -1 - (-11 + 7))
-57
What is the value of -178 + (64 - -125) + -52?
-41
What is the value of (-16 - (-2 - 4)) + (0 - -27 - 15 - -80)?
82
Calculate -18 + (-563 - -536 - (-1 - 18)).
-26
-20 + -2 - (8 - (1 - (-2 + -9)))
-18
What is (-7 + 24 - ((-15 - -8) + 40)) + -105?
-121
What is (3 - (-14 - -8) - (45 + 3)) + (1 - -2)?
-36
What is the value of -3 + 45 + 2 + (508 - 503)?
49
Evaluate 497 - 489 - (-3 + 7 - -18) - (-1 - 95).
82
(36 - (9 + -12 + 14 + -9)) + 5
39
What is -1280 + 1287 + 1 + 10 + 10?
28
What is the value of -19 + 16 + (4 - ((2 - -67) + -2)) + 7?
-59
42 + (6 - ((1 - -4) + -1) - -1)
45
What is the value of -3 + -30 + 102 + -21 + 44?
92
Evaluate 0 + -43 + (-20 - (-8 - (14 + -13))).
-54
Calculate (-2 - (37 - 23) - 9) + -21.
-46
(-25 - -21 - -27) + -38 + -13
-28
Evaluate -52 - 33 - -48 - -54.
17
What is -76 - -37 - 135 - -76?
-98
Evaluate -100 - (-126 + -34) - 89.
-29
What is the value of 0 + 62 + (-23 + -13 + 15 - -28) + -8?
61
Calculate 8 + -1 - ((28 - 34 - (4 - -27)) + -4).
48
Evaluate (7 - (13 + -11)) + -24 + 15.
-4
What is the value of 10 + -102 + 89 + -56?
-59
-1877 + 1925 + -6 + 2
44
Calculate 21 + (-1 - 4) + 19 + -42.
-7
What is -22 - (2 - (48 + -21 + -13)) - (4 + -1)?
-13
Calculate 9 - (-6 + 10 + 9 + -26) - 1.
21
What is 53 - 1 - (9717 - 9674)?
9
(-39 + 2 - (-10 + 4 + 9 - -7)) + 2
-45
Calculate -21 + 11 + -33 + 7.
-36
What is 27 + -5 + 1 + (-11 + -13 - -26) + 14?
39
-19 - (8 - 42) - (47 + (-7 - (16 + -11)))
-20
What is the value of -1 - (-2 + -1 - (-55 + 22 - -30))?
-1
Calculate 27 + (-3 - 21 - (-4 - (-6 + 13))).
14
Evaluate -22 + (-311 + 354 - (-3 + 90)).
-66
What is (-68 - -64) + 5 - (11 - 1)?
-9
Calculate 3 + -110 - (-4 + 1 - (-30 + 24 + 6)).
-104
Evaluate -11 + (-67 + -6 - (42 - 31 - (0 + 21))).
-74
(98 - 112) + (4 + 25 - 1) - -4
18
What is the value of -966 + 982 + 64 + -2?
78
What is the value of 0 - 4 - (-24 - -42 - (8 - 17)) - -3?
-28
Calculate -5 - -7 - (-1 + 90) - (-257 + (254 - -3)).
-87
-64 - (-49 + -16 + 8)
-7
What is -11 + 23 + -36 + 27 + (18 - -1)?
22
Evaluate 3 + -12 + 7 + -14 + 7 + 0 + -13.
-22
What is the value of 1322 + -1363 + (-3 - -70)?
26
Calculate 115 - ((-12 - -147) + 20).
-40
What is -20 + -28 + 80 - 95?
-63
Evaluate 5 + 26 + -6 + 7 + 2 + -9.
25
What is the value of 32 - (-17 - (18 + 5 - 33))?
39
What is the value of 116 - (-44 + (94 - 47 - 8))?
121
What is the value of 59 + 42 + -116 + 1 + -13?
-27
(16 - (-12 + 8 + 12) - -19) + -4
23
-31 + (231 - 235) + 2 + 5
-28
What is 1 + 10 + -46 + 4 + 1 + 5?
-25
Calculate -21 + 1 + 8 + -11 + 12.
-11
(1 - 8 - -5 - (-106 + 84)) + 15
35
Evaluate -6 + 0 + (4 - 33) + -3 + -4.
-42
What is (-23 - -24) + -28 + 17 + 69?
59
Evaluate -5 + 22 - (5 - ((11 - 133) + -8)).
-118
What is the value of -1 + -5 + 0 + (-326 - -377)?
45
What is the value of 2 - -78 - (1073 - 1059)?
66
11 + -78 - -76 - (47 + (0 - -2))
-40
What is the value of (65 - 11) + -12 + (22 - 16) + 6?
54
What is 2832 - 2755 - (1 + 45)?
31
Evaluate 141 - 9 - 238 - -164.
58
10 + 1 + -24 + 22 - (73 + 4)
-68
What is 4 - -27 - (16 + (10 - 13))?
18
What is 77 + 0 + -5163 + 5035?
-51
What is the value of (44 - 44) + 7 + -22 + -23?
-38
What is -1 + -11 - 0 - (37 - (51 - 15)) - 51?
-64
Calculate -9 + (0 - -1) + -6 + -46 + 22.
-38
Evaluate (34 + -69 - -18 - (-19 - -1)) + -10.
-9
What is the value of -16 - (-37 - (-12 - 19))?
-10
What is 42 - -2 - (-29 + -7 + 31)?
49
What is the value of -9 + (97 + -91 - (-3 + 7 + 19))?
-26
Calculate 21 + -1 + -1 + (26 - 6).
39
44 + (-37 - 11 - -25)
21
What is the value of -2 + (-43 + 31 - -5) - -17?
8
Evaluate (-23 - 1) + -86 + 162 + (-5 - 0).
47
What is (483 - 490) + (-7 - -4) + 0 + -2 + 16?
4
3 + 0 + (36 - 30) - 19 - (1 + -21)
10
Calculate -21 + (18 - (-114 + 15)) + -28.
68
Calculate (13 - (11 + (6 - 2)) - 37) + -1.
-40
Calculate 2 - 53 - (116 - 194).
27
What is (108 - 64) + -65 + -6?
-27
Evaluate (-27 - (13 - 14) - (-4 - 0)) + -5.
-27
Evaluate 14 - (202 - 149 - (19 + 2 - 4 - 2)).
-24
What is the value of -92 - (1 + 4) - (-463 + 447)?
-81
What is -49 - (212 + -154) - -7?
-100
Evaluate 11 - (-3 + -7 + 7 - (-6 + 12 - -62)).
82
-33 + -5 + 59 + 62 - 27
56
7173 - 7127 - (-34 + -1)
81
Evaluate -65 + (10 - (13 - 35)) - -50.
17
(-58 - (-20 - ((-10 - 8) + 8))) + -14
-62
Evaluate -378 + 466 + (4 - 108).
-16
Evaluate -1139 + 1180 + 1 + 2 + (1 - 2).
43
Evaluate 1 - ((-16 - 10 - 11) + 12).
26
What is the value of -10 - (-72 + (22 - 35))?
75
What is the value of (2 - -24) + 386 + -380?
32
(-38 - (-70 + 178)) + 67
-79
-134 + 263 + -183 - (-4 - -4 - (-1 - -15))
-40
(-32 + 20 - (-3 + 9 + -84)) + 3
69
Calculate (-61 - (0 - -6 - 8)) + 85 + -74.
-48
What is the value of (147 + -52 - 45) + -8?
42
Calculate 5 + (40 - ((9 - -7) + -23)) + -17.
35
What is the value of (-21 - -37) + -5 + -59?
-48
Calculate 1 + 24 + -21 + -72 + 1 + -5.
-72
Evaluate (-5 - (14 + -10) - -11) + (20 - 18 - 100).
-96
67 + -113 + -46 + 57 + -5 + (1 - 0)
-39
What is the value of -72 - ((12 - 20) + 0 - (-1 + -2)) - -4?
-63
What is the value of -43 + 47 + -40 + 0?
-36
What is the value of (-1 - -70) + (-3848 - -3760)?
-19
Calculate -8 - 0 - (187 + -397 + 234).
-32
What is the value of (-23 + 182 - 12 - 32) + -18?
97
Calculate 36 - (-33 - 12 - -85).
-4
What is -72 + (49 - 30 - -15 - 58)?
-96
What is -57 - (-20 - 32 - 37)?
32
Calculate -1 + (11 - 15) + -21.
-26
Evaluate 2 + 1 + 0 + -150 - (48329 + -48347).
-129
-2094 + 2075 + 2 + -2 + 55
36
What is the value of -4 + 7 + 2 - (-94 + 70)?
29
Calculate -3 + 25 + -18 + 3 + 5 + 3.
15
Calculate (5 + 23 + -88 - -39) + (-2 + 17 - 1).
-7
What is the value of -30 - -23 - -39 - (-7 + 19)?
20
What is the value of -57 + (0 - (-6 - 4)) - (7 + -5 + 5)?
-54
(-19 - -30 - 31) + 36
16
What is (-29 - (-49 + -19)) + -29 - (-65 + -3)?
78
Evaluate -2 + 0 - 40 - ((6 - 57) + 64 + -22).
-33
Evaluate -494 + 542 - (3 + -1).
46
Evaluate -10 + -39 + (12 - -26).
-11
Calculate 5 + (41 - 7) + 5 - (62 - 76).
58
What is (-7 - (-57 + 29)) + (-14 - 1)?
6
What is -31 - (-40 - (-13 - 38)) - 60?
-102
39 - (3 + 10 - (0 - (-15 + 16)))
25
Evaluate (59 - 110) + 5 + -11 + 6 + (5 - -1).
-45
Evaluate 106 + (-15 + -11 + 24 - (1 - -5)).
98
Calculate 545 + -572 - (-17 + 2).
-12
Calculate 95 - (18 + 31 - 21) - 16.
51
Calculate 2 - -20 - (29 - (5 - -14)).
12
What is -21 + (10 - 11 - ((3 - 1) + 5)) + 4?
-25
Evaluate -89 + 96 + (-103 - -89).
-7
What is the value of -26 + -95 + 76 + 0 + 28?
-17
What is -3 + 81 + -12 + -22?
44
What is (-2049 - -2017) + (0 - (2 - -2))?
-36
What is 12 + 0 + 19 + -25 - (-31 + 6)?
31
What is the value of (118 - 93 - (9 - (0 - 4))) + -12?
0
Calculate 0 + -17 + (4753 - 4711).
25
What is the value of (-2 - (11 - 15)) + (99 - (-13 - (-15 + -13)))?
86
Calculate -95 + 9 + (-32 - -13) + 11.
-94
(-6 + (-4 - (-4 - -3)) - -5) + -99 + 108
5
(-1 - (0 + -3)) + (22 - 24 - -17) + 24
41
Evaluate -25 + 60 - 38 - -27.
24
Evaluate (21 - (11 - -58)) + 9.
-39
What is the value of (10 + -1 - 3) + -3 + 7 + 8 - 8?
10
Evaluate -5 + -12 + 15 + 2 + 5 - (13 - -19).
-27
What is -9 + (31 - 66 - 36)?
-80
What is the value of -18 + (34 - (32 - 18)) + 0 + -39?
-37
What is (4 - -1 - 16) + 19 - (15 - 22)?
15
Calculate 3 + -8 + 94 - (-1 + 2 - (-46 + 39)).
81
4 + -90 - (70 + -111) - 58
-103
What is -15 + (7 - 6) + (214 - 112)?
88
Evaluate 21 + (9 + -36 - (-12 - 2) - 107).
-99
What is the value of -7 - ((-7 - (0 - (-8 + 16 - -1))) + -5)?
-4
Evaluate -3 + 38 + (3 - 14 - 0).
24
Evaluate 2 + 41 + -23 - 35.
-15
What is the value of (109 - 74) + -64 + 46?
17
Evaluate 15 - ((-100 - 3) + 103 + (-138 - -2) + -1).
152
What is the value of (8 -